NOAA-Style Climate Reports
Select a Year or Month report
2024: Jan Feb Mar Apr May Jun Jul Aug Sep Oct Nov Dec
2023: Jan Feb Mar Apr May Jun Jul Aug Sep Oct Nov Dec
2022: Jan Feb Mar Apr May Jun Jul Aug Sep Oct Nov Dec
2021: Jan Feb Mar Apr May Jun Jul Aug Sep Oct Nov Dec
2020: Jan Feb Mar Apr May Jun Jul Aug Sep Oct Nov Dec
2019: Jan Feb Mar Apr May Jun Jul Aug Sep Oct Nov Dec
2018: Jan Feb Mar Apr May Jun Jul Aug Sep Oct Nov Dec
2017: Jan Feb Mar Apr May Jun Jul Aug Sep Oct Nov Dec
2016: Jan Feb Mar Apr May Jun Jul Aug Sep Oct Nov Dec
2015: Jan Feb Mar Apr May Jun Jul Aug Sep Oct Nov Dec
2014: Jan Feb Mar Apr May Jun Jul Aug Sep Oct Nov Dec
2013: Jan Feb Mar Apr May Jun Jul Aug Sep Oct Nov Dec
2012: Jan Feb Mar Apr May Jun Jul Aug Sep Oct Nov Dec
2011: Jan Feb Mar Apr May Jun Jul Aug Sep Oct Nov Dec
2010: Jan Feb Mar Apr May Jun Jul Aug Sep Oct Nov Dec
2024: Jan Feb Mar Apr May Jun Jul Aug Sep Oct Nov Dec
2023: Jan Feb Mar Apr May Jun Jul Aug Sep Oct Nov Dec
2022: Jan Feb Mar Apr May Jun Jul Aug Sep Oct Nov Dec
2021: Jan Feb Mar Apr May Jun Jul Aug Sep Oct Nov Dec
2020: Jan Feb Mar Apr May Jun Jul Aug Sep Oct Nov Dec
2019: Jan Feb Mar Apr May Jun Jul Aug Sep Oct Nov Dec
2018: Jan Feb Mar Apr May Jun Jul Aug Sep Oct Nov Dec
2017: Jan Feb Mar Apr May Jun Jul Aug Sep Oct Nov Dec
2016: Jan Feb Mar Apr May Jun Jul Aug Sep Oct Nov Dec
2015: Jan Feb Mar Apr May Jun Jul Aug Sep Oct Nov Dec
2014: Jan Feb Mar Apr May Jun Jul Aug Sep Oct Nov Dec
2013: Jan Feb Mar Apr May Jun Jul Aug Sep Oct Nov Dec
2012: Jan Feb Mar Apr May Jun Jul Aug Sep Oct Nov Dec
2011: Jan Feb Mar Apr May Jun Jul Aug Sep Oct Nov Dec
2010: Jan Feb Mar Apr May Jun Jul Aug Sep Oct Nov Dec
Report for 2024 April
Daily NOAA report MONTHLY CLIMATOLOGICAL SUMMARY for APR. 2024 NAME: CITY: STATE: ELEV: LAT: LONG: TEMPERATURE ( °F), RAIN (in.), WIND SPEED (mph) HEAT COOL AVG MEAN DEG DEG WIND DOM DAY TEMP HIGH TIME LOW TIME DAYS DAYS RAIN SPEED HIGH TIME DIR -------------------------------------------------------------------------------------------------------- 01 37.9 046.0 13:06 33.4 07:18 27.0 00.0 00.51 03.9 18.4 12:23 ENE 02 34.7 038.0 02:22 32.0 21:19 30.2 00.0 00.67 04.4 18.4 12:04 NNE 03 32.7 034.0 14:08 32.0 04:27 32.3 00.0 00.51 04.6 20.7 16:11 NNW 04 36.1 041.9 15:31 32.1 04:41 28.8 00.0 00.27 03.1 16.1 13:36 NNW 05 39.5 048.2 17:01 32.0 06:38 25.4 00.0 00.00 02.3 17.3 10:09 NE 06 42.0 056.8 16:28 28.8 07:00 23.0 00.0 00.00 01.2 11.5 17:31 E 07 40.6 045.2 10:26 34.8 04:06 24.3 00.0 00.18 01.9 16.1 13:45 SE 08 51.8 062.7 16:46 42.6 03:13 13.1 00.0 00.00 02.7 19.6 11:58 SW 09 50.2 061.5 15:52 42.6 05:05 14.7 00.0 00.00 02.2 16.1 09:42 W 10 55.9 070.1 14:59 42.4 00:39 09.0 00.0 00.00 01.3 11.5 11:03 WSW 11 52.7 061.1 12:12 44.7 06:22 12.2 00.0 00.02 01.2 13.8 20:32 WNW 12 51.8 061.2 15:17 44.1 07:03 13.1 00.0 00.01 04.2 21.9 14:44 NW 13 56.2 072.1 15:56 39.9 07:09 08.8 00.0 00.00 02.3 14.9 23:40 SW 14 69.3 082.0 16:30 59.6 00:00 00.0 04.3 00.00 02.9 19.6 01:03 WNW 15 59.8 074.8 16:33 43.0 06:39 05.1 00.0 00.00 01.5 11.5 16:42 NNE 16 55.5 064.7 13:31 45.4 05:53 09.5 00.0 00.81 03.0 21.9 11:25 ESE 17 55.7 062.4 13:02 49.7 00:00 09.2 00.0 00.26 03.9 20.7 16:14 WSW 18 47.0 050.3 13:12 43.0 00:00 17.9 00.0 00.06 00.8 08.1 15:35 WSW 19 42.2 052.2 14:18 34.8 06:39 22.7 00.0 00.00 04.3 21.9 14:08 W 20 35.6 040.7 14:25 29.8 06:32 29.3 00.0 00.00 02.7 18.4 15:03 W 21 43.8 059.6 16:26 29.8 06:25 21.2 00.0 00.00 01.9 14.9 17:28 W 22 52.4 066.2 15:34 36.6 06:44 12.5 00.0 00.02 02.9 20.7 14:10 SW 23 57.2 069.3 14:55 45.7 00:00 07.7 00.0 00.00 03.7 20.7 17:21 WSW 24 42.2 053.7 16:58 32.8 07:05 22.7 00.0 00.00 02.9 19.6 01:37 NE 25 45.8 062.2 16:31 30.1 06:57 19.2 00.0 00.00 01.0 11.5 11:56 SSE 26 47.1 058.8 12:38 38.6 03:59 17.9 00.0 00.20 01.9 11.5 16:33 SE -------------------------------------------------------------------------------------------------------- 47.5 (48.0) 82.0 day 14 28.8 day 06 457.0 004.3 03.52 02.6 21.9 day 23 WNW Min < 86: 26 Max Rain: 0.81 ON 16-04-24 Days of Rain: 12 (> .008in) 8 (> .08in) 1 (> 0.8in)